reds digit of 48712826?
8
What is the billions digit of 1202321176?
1
What is the hundred thousands digit of 410277552?
2
What is the millions digit of 8387087?
8
What is the millions digit of 93056833?
3
What is the tens digit of 305085691?
9
What is the hundreds digit of 89295494?
4
What is the units digit of 58291663?
3
What is the ten millions digit of 1829816305?
2
What is the ten thousands digit of 85214512?
1
What is the tens digit of 856842423?
2
What is the millions digit of 405263002?
5
What is the hundred thousands digit of 19067893?
0
What is the millions digit of 569492327?
9
What is the millions digit of 498813909?
8
What is the millions digit of 97585386?
7
What is the ten thousands digit of 650117270?
1
What is the millions digit of 715360295?
5
What is the ten thousands digit of 194614376?
1
What is the units digit of 202112965?
5
What is the billions digit of 3752275585?
3
What is the billions digit of 1159219414?
1
What is the units digit of 368848460?
0
What is the units digit of 296775856?
6
What is the hundred thousands digit of 154913532?
9
What is the ten millions digit of 933100738?
3
What is the ten millions digit of 1832341059?
3
What is the ten thousands digit of 19974812?
7
What is the millions digit of 151252996?
1
What is the ten thousands digit of 34683561?
8
What is the ten thousands digit of 9276231?
7
What is the hundred thousands digit of 38365584?
3
What is the units digit of 21672654?
4
What is the tens digit of 599472422?
2
What is the units digit of 59573045?
5
What is the hundreds digit of 3121727?
7
What is the hundreds digit of 315282748?
7
What is the thousands digit of 392761908?
1
What is the hundred millions digit of 221804467?
2
What is the hundreds digit of 46105358?
3
What is the ten thousands digit of 18103296?
0
What is the millions digit of 2853361270?
3
What is the ten thousands digit of 52102520?
0
What is the hundreds digit of 858331772?
7
What is the hundred thousands digit of 14844656?
8
What is the tens digit of 69342347?
4
What is the ten millions digit of 18674115?
1
What is the units digit of 45206267?
7
What is the ten millions digit of 269738236?
6
What is the hundreds digit of 67399556?
5
What is the units digit of 147745906?
6
What is the tens digit of 2639168222?
2
What is the ten millions digit of 602710059?
0
What is the ten thousands digit of 334168459?
6
What is the hundred thousands digit of 4364006680?
0
What is the millions digit of 1424045163?
4
What is the thousands digit of 96006338?
6
What is the ten millions digit of 506560488?
0
What is the hundred thousands digit of 183748729?
7
What is the hundreds digit of 49945738?
7
What is the ten millions digit of 158448772?
5
What is the hundred thousands digit of 20841401?
8
What is the ten thousands digit of 540674975?
7
What is the hundred thousands digit of 566096652?
0
What is the hundred thousands digit of 127701798?
7
What is the ten millions digit of 14673983?
1
What is the millions digit of 105627272?
5
What is the ten millions digit of 14230668?
1
What is the hundreds digit of 36195295?
2
What is the ten thousands digit of 223781277?
8
What is the hundred thousands digit of 125831196?
8
What is the units digit of 930774807?
7
What is the hundreds digit of 23472589?
5
What is the ten thousands digit of 126968738?
6
What is the thousands digit of 41334725?
4
What is the units digit of 528017412?
2
What is the ten thousands digit of 1298408162?
0
What is the hundreds digit of 873772449?
4
What is the tens digit of 296571303?
0
What is the hundreds digit of 1247135724?
7
What is the hundreds digit of 118848991?
9
What is the hundred thousands digit of 4887314776?
3
What is the hundred thousands digit of 194285340?
2
What is the units digit of 44789210?
0
What is the tens digit of 829600971?
7
What is the billions digit of 2497412108?
2
What is the thousands digit of 1182565264?
5
What is the hundred thousands digit of 522728839?
7
What is the ten thousands digit of 107588218?
8
What is the hundred thousands digit of 16350832?
3
What is the hundred thousands digit of 5807388984?
3
What is the hundred millions digit of 4203910482?
2
What is the hundreds digit of 32916259?
2
What is the thousands digit of 1252773885?
3
What is the ten millions digit of 94103834?
9
What is the hundreds digit of 67670597?
5
What is the hundred thousands digit of 18998873?
9
What is the hundred millions digit of 2364211388?
3
What is the millions digit of 322195611?
2
What is the tens digit of 2229522665?
6
What is the hundreds digit of 2297284332?
3
What is the tens digit of 36901007?
0
What is the ten thousands digit of 12828122?
2
What is the ten thousands digit of 206787555?
8
What is the hundred thousands digit of 959543684?
5
What is the hundreds digit of 1998139010?
0
What is the hundreds digit of 34558926?
9
What is the units digit of 116971175?
5
What is the millions digit of 3426136?
3
What is the hundreds digit of 2496616?
6
What is the ten millions digit of 46902305?
4
What is the hundred thousands digit of 48082922?
0
What is the hundred thousands digit of 224005943?
0
What is the hundred millions digit of 3568363316?
5
What is the tens digit of 2176293796?
9
What is the ten thousands digit of 452831578?
3
What is the ten thousands digit of 825689721?
8
What is the ten millions digit of 33131412?
3
What is the thousands digit of 690675794?
5
What is the ten thousands digit of 125872830?
7
What is the millions digit of 277556516?
7
What is the millions digit of 108371186?
8
What is the millions digit of 4169571839?
9
What is the millions digit of 92326173?
2
What is the millions digit of 194351459?
4
What is the thousands digit of 9106244?
6
What is the millions digit of 1687136984?
7
What is the ten thousands digit of 8034976?
3
What is the ten millions digit of 487313161?
8
What is the hundreds digit of 548224099?
0
What is the units digit of 358450554?
4
What is the tens digit of 2418962989?
8
What is the thousands digit of 155055394?
5
What is the ten thousands digit of 7543198?
4
What is the units digit of 139771886?
6
What is the ten thousands digit of 2290609346?
0
What is the thousands digit of 121571023?
1
What is the hundreds digit of 2218019170?
1
What is the ten millions digit of 114473095?
1
What is the millions digit of 5202597701?
2
What is the units digit of 21151564?
4
What is the hundred thousands digit of 416941535?
9
What is the thousands digit of 98079494?
9
What is the tens digit of 124111408?
0
What is the millions digit of 9359388?
9
What is the hundred millions digit of 460704701?
4
What is the billions digit of 3507733299?
3
What is the hundreds digit of 98859298?
2
What is the units digit of 159297485?
5
What is the thousands digit of 197732022?
2
What is the ten millions digit of 385317235?
8
What is the billions digit of 3939187318?
3
What is the tens digit of 7579968?
6
What is the millions digit of 981070817?
1
What is the units digit of 40554582?
2
What is the ten thousands digit of 219693606?
9
What is the units digit of 94119513?
3
What is the ten millions digit of 5128216060?
2
What is the hundred millions digit of 175871741?
1
What is the hundreds digit of 850597254?
2
What is the hundred millions digit of 1673593409?
6
What is the millions digit of 256358051?
6
What is the billions digit of 1088820512?
1
What is the hundred thousands digit of 192254118?
2
What is the units digit of 62426932?
2
What is the thousands digit of 1048664784?
4
What is the billions digit of 1867077926?
1
What is the hundreds digit of 23988657?
6
What is the hundred thousands digit of 1388261048?
2
What is the ten millions digit of 90046916?
9
What is the hundreds digit of 2235039773?
7
What is the hundreds digit of 140992022?
0
What is the hundreds digit of 153572800?
8
What is the hundred millions digit of 2403788854?
4
What is the hundred thousands digit of 1286946261?
9
What is the ten thousands digit of 23908909?
0
What is the hundred millions digit of 416974404?
4
What is the tens digit of 125641790?
9
What is the hundreds digit of 18373941?
9
What is the ten thousands digit of 495477449?
7
What is the hundreds digit of 87948092?
0
What is the thousands digit of 658321570?
1
What is the thousands digit of 